127.
67
Calculate the remainder when 1146 is divided by 382.
0
What is the remainder when 3036 is divided by 15?
6
Calculate the remainder when 119 is divided by 44.
31
What is the remainder when 172 is divided by 27?
10
Calculate the remainder when 794 is divided by 56.
10
Calculate the remainder when 63 is divided by 13.
11
What is the remainder when 47 is divided by 8?
7
Calculate the remainder when 189 is divided by 23.
5
What is the remainder when 25417 is divided by 41?
38
Calculate the remainder when 41 is divided by 21.
20
What is the remainder when 1022 is divided by 12?
2
What is the remainder when 258 is divided by 4?
2
Calculate the remainder when 1590 is divided by 38.
32
Calculate the remainder when 58 is divided by 30.
28
Calculate the remainder when 114 is divided by 29.
27
Calculate the remainder when 951 is divided by 68.
67
What is the remainder when 3425 is divided by 7?
2
Calculate the remainder when 1596 is divided by 520.
36
What is the remainder when 75 is divided by 19?
18
Calculate the remainder when 64 is divided by 34.
30
Calculate the remainder when 6 is divided by 6.
0
Calculate the remainder when 1320 is divided by 120.
0
Calculate the remainder when 103 is divided by 35.
33
Calculate the remainder when 133 is divided by 14.
7
What is the remainder when 808 is divided by 302?
204
What is the remainder when 159 is divided by 20?
19
What is the remainder when 346 is divided by 22?
16
Calculate the remainder when 869 is divided by 15.
14
Calculate the remainder when 64 is divided by 55.
9
Calculate the remainder when 5677 is divided by 80.
77
Calculate the remainder when 582 is divided by 13.
10
What is the remainder when 87 is divided by 37?
13
What is the remainder when 2209 is divided by 13?
12
Calculate the remainder when 551 is divided by 33.
23
Calculate the remainder when 225 is divided by 106.
13
Calculate the remainder when 35 is divided by 18.
17
Calculate the remainder when 504 is divided by 87.
69
What is the remainder when 11986 is divided by 333?
331
What is the remainder when 47 is divided by 30?
17
Calculate the remainder when 62 is divided by 26.
10
Calculate the remainder when 358 is divided by 24.
22
What is the remainder when 322 is divided by 45?
7
What is the remainder when 113 is divided by 46?
21
Calculate the remainder when 8005 is divided by 143.
140
What is the remainder when 17 is divided by 11?
6
What is the remainder when 107 is divided by 31?
14
Calculate the remainder when 127 is divided by 26.
23
Calculate the remainder when 186 is divided by 172.
14
What is the remainder when 196 is divided by 56?
28
What is the remainder when 3027 is divided by 994?
45
What is the remainder when 185 is divided by 59?
8
Calculate the remainder when 138 is divided by 28.
26
Calculate the remainder when 14898 is divided by 298.
296
Calculate the remainder when 116 is divided by 11.
6
Calculate the remainder when 230 is divided by 78.
74
What is the remainder when 146 is divided by 144?
2
Calculate the remainder when 49 is divided by 23.
3
What is the remainder when 315 is divided by 29?
25
What is the remainder when 67 is divided by 24?
19
What is the remainder when 768 is divided by 373?
22
Calculate the remainder when 239 is divided by 59.
3
What is the remainder when 285 is divided by 60?
45
What is the remainder when 206 is divided by 66?
8
Calculate the remainder when 332 is divided by 37.
36
What is the remainder when 465 is divided by 121?
102
What is the remainder when 108 is divided by 23?
16
What is the remainder when 111 is divided by 15?
6
Calculate the remainder when 4689 is divided by 26.
9
Calculate the remainder when 194 is divided by 100.
94
What is the remainder when 26 is divided by 3?
2
What is the remainder when 158 is divided by 7?
4
Calculate the remainder when 1873 is divided by 15.
13
What is the remainder when 39 is divided by 24?
15
Calculate the remainder when 747 is divided by 10.
7
What is the remainder when 73 is divided by 28?
17
What is the remainder when 4742 is divided by 175?
17
What is the remainder when 386 is divided by 65?
61
What is the remainder when 1026 is divided by 509?
8
What is the remainder when 5256 is divided by 1308?
24
What is the remainder when 943 is divided by 43?
40
What is the remainder when 118 is divided by 15?
13
Calculate the remainder when 12 is divided by 9.
3
What is the remainder when 592 is divided by 239?
114
What is the remainder when 62 is divided by 16?
14
Calculate the remainder when 3554 is divided by 14.
12
Calculate the remainder when 494 is divided by 97.
9
Calculate the remainder when 13 is divided by 10.
3
Calculate the remainder when 398 is divided by 181.
36
What is the remainder when 102 is divided by 11?
3
What is the remainder when 1891 is divided by 932?
27
Calculate the remainder when 779 is divided by 159.
143
What is the remainder when 180 is divided by 152?
28
What is the remainder when 56 is divided by 18?
2
Calculate the remainder when 482 is divided by 27.
23
Calculate the remainder when 1911 is divided by 633.
12
What is the remainder when 1245 is divided by 39?
36
Calculate the remainder when 2423 is divided by 18.
11
Calculate the remainder when 8409 is divided by 43.
24
What is the remainder when 652 is divided by 22?
14
What is the remainder when 65 is divided by 14?
9
Calculate the remainder when 1876 is divided by 15.
1
Calculate the remainder when 113 is divided by 66.
47
Calculate the remainder when 3050 is divided by 43.
40
What is the remainder when 101 is divided by 36?
29
What is the remainder when 10553 is divided by 28?
25
What is the remainder when 524 is divided by 16?
12
What is the remainder when 168 is divided by 57?
54
What is the remainder when 1702 is divided by 250?
202
Calculate the remainder when 2055 is divided by 187.
185
Calculate the remainder when 111 is divided by 53.
5
What is the remainder when 18190 is divided by 15?
10
What is the remainder when 375 is divided by 42?
39
What is the remainder when 5772 is divided by 175?
172
Calculate the remainder when 1282 is divided by 31.
11
Calculate the remainder when 811 is divided by 208.
187
What is the remainder when 1110 is divided by 84?
18
Calculate the remainder when 218 is divided by 17.
14
Calculate the remainder when 1072 is divided by 13.
6
What is the remainder when 295 is divided by 37?
36
What is the remainder when 7472 is divided by 25?
22
Calculate the remainder when 614 is divided by 20.
14
Calculate the remainder when 1936 is divided by 19.
17
Calculate the remainder when 41 is divided by 32.
9
What is the remainder when 64 is divided by 26?
12
Calculate the remainder when 2793 is divided by 11.
10
Calculate the remainder when 1613 is divided by 21.
17
Calculate the remainder when 409 is divided by 145.
119
What is the remainder when 298 is divided by 82?
52
Calculate the remainder when 550 is divided by 114.
94
Calculate the remainder when 489 is divided by 98.
97
What is the remainder when 57 is divided by 29?
28
What is the remainder when 370 is divided by 125?
120
Calculate the remainder when 267 is divided by 85.
12
What is the remainder when 1827 is divided by 45?
27
What is the remainder when 215 is divided by 63?
26
What is the remainder when 845 is divided by 71?
64
Calculate the remainder when 1696 is divided by 156.
136
Calculate the remainder when 1243 is divided by 211.
188
What is the remainder when 4610 is divided by 6?
2
What is the remainder when 1630 is divided by 14?
6
Calculate the remainder when 165 is divided by 106.
59
Calculate the remainder when 515 is divided by 88.
75
What is the remainder when 717 is divided by 72?
69
Calculate the remainder when 26 is divided by 10.
6
Calculate the remainder when 422 is divided by 108.
98
What is the remainder when 314 is divided by 18?
8
What is the remainder when 5913 is divided by 58?
55
What is the remainder when 1285 is divided by 28?
25
What is the remainder when 111 is divided by 18?
3
What is the remainder when 203 is divided by 6?
5
What is the remainder when 1006 is divided by 247?
18
What is the remainder when 411 is divided by 49?
19
Calculate the remainder when 399 is divided by 25.
24
What is the remainder when 941 is divided by 299?
44
Ca